ed by 136?
135
Calculate the remainder when 116157 is divided by 27.
3
What is the remainder when 20083 is divided by 248?
243
Calculate the remainder when 14851 is divided by 4937.
40
What is the remainder when 1493585 is divided by 459?
458
Calculate the remainder when 2822 is divided by 27.
14
What is the remainder when 32006 is divided by 42?
2
What is the remainder when 27104 is divided by 9030?
14
Calculate the remainder when 32216 is divided by 60.
56
Calculate the remainder when 121333 is divided by 121331.
2
Calculate the remainder when 280967 is divided by 451.
445
Calculate the remainder when 43863 is divided by 257.
173
Calculate the remainder when 52642 is divided by 405.
397
Calculate the remainder when 51211 is divided by 4654.
17
Calculate the remainder when 552241 is divided by 228.
25
Calculate the remainder when 385160 is divided by 56.
48
Calculate the remainder when 13567 is divided by 87.
82
What is the remainder when 16899 is divided by 20?
19
What is the remainder when 30052 is divided by 43?
38
What is the remainder when 403 is divided by 239?
164
What is the remainder when 4596 is divided by 600?
396
What is the remainder when 289350 is divided by 359?
355
What is the remainder when 13557 is divided by 212?
201
Calculate the remainder when 23893 is divided by 4776.
13
What is the remainder when 27938 is divided by 92?
62
What is the remainder when 92 is divided by 24?
20
What is the remainder when 115210 is divided by 3491?
7
Calculate the remainder when 40929 is divided by 993.
216
Calculate the remainder when 1264 is divided by 321.
301
What is the remainder when 21986 is divided by 490?
426
Calculate the remainder when 36126 is divided by 1062.
18
What is the remainder when 2398 is divided by 609?
571
What is the remainder when 16254 is divided by 313?
291
What is the remainder when 2272 is divided by 1135?
2
What is the remainder when 73587 is divided by 11?
8
Calculate the remainder when 5713 is divided by 5708.
5
Calculate the remainder when 540214 is divided by 183.
181
Calculate the remainder when 2730 is divided by 787.
369
Calculate the remainder when 4283775 is divided by 106.
103
What is the remainder when 5096 is divided by 430?
366
What is the remainder when 58257 is divided by 2330?
7
Calculate the remainder when 102140 is divided by 114.
110
Calculate the remainder when 13077 is divided by 9.
0
Calculate the remainder when 3105 is divided by 784.
753
What is the remainder when 12879 is divided by 1335?
864
Calculate the remainder when 30497 is divided by 250.
247
What is the remainder when 2938 is divided by 2764?
174
Calculate the remainder when 46470 is divided by 5713.
766
What is the remainder when 6241 is divided by 6221?
20
What is the remainder when 49472 is divided by 49465?
7
Calculate the remainder when 45830 is divided by 132.
26
Calculate the remainder when 21364 is divided by 21130.
234
Calculate the remainder when 105193 is divided by 12.
1
What is the remainder when 3252 is divided by 8?
4
What is the remainder when 10724 is divided by 325?
324
Calculate the remainder when 1913 is divided by 909.
95
What is the remainder when 255283 is divided by 208?
67
Calculate the remainder when 1443289 is divided by 2858.
2857
What is the remainder when 88723 is divided by 55?
8
What is the remainder when 97183 is divided by 106?
87
What is the remainder when 8434 is divided by 74?
72
Calculate the remainder when 8266 is divided by 1011.
178
Calculate the remainder when 149529 is divided by 5340.
9
What is the remainder when 4866 is divided by 541?
538
What is the remainder when 515540 is divided by 115?
110
Calculate the remainder when 646300 is divided by 4.
0
Calculate the remainder when 46869 is divided by 46852.
17
Calculate the remainder when 6655 is divided by 1826.
1177
Calculate the remainder when 2644389 is divided by 370.
369
Calculate the remainder when 107023 is divided by 62.
11
Calculate the remainder when 1319 is divided by 434.
17
What is the remainder when 43818 is divided by 14600?
18
What is the remainder when 17730 is divided by 1209?
804
What is the remainder when 22207 is divided by 32?
31
Calculate the remainder when 14915 is divided by 325.
290
What is the remainder when 167037 is divided by 83469?
99
Calculate the remainder when 51907 is divided by 89.
20
What is the remainder when 26355 is divided by 2384?
131
Calculate the remainder when 675 is divided by 207.
54
What is the remainder when 170406 is divided by 34080?
6
Calculate the remainder when 2401 is divided by 27.
25
Calculate the remainder when 5179 is divided by 56.
27
Calculate the remainder when 162148 is divided by 162143.
5
What is the remainder when 1689 is divided by 55?
39
Calculate the remainder when 11514 is divided by 5690.
134
What is the remainder when 1037470 is divided by 49403?
7
What is the remainder when 57797 is divided by 57783?
14
What is the remainder when 71483 is divided by 395?
383
Calculate the remainder when 74206 is divided by 186.
178
Calculate the remainder when 133421 is divided by 133411.
10
What is the remainder when 19045 is divided by 276?
1
Calculate the remainder when 90685 is divided by 82.
75
What is the remainder when 5519849 is divided by 52?
49
Calculate the remainder when 9336 is divided by 1021.
147
What is the remainder when 5156 is divided by 5137?
19
What is the remainder when 24478 is divided by 24470?
8
Calculate the remainder when 212 is divided by 68.
8
What is the remainder when 869 is divided by 30?
29
What is the remainder when 93909 is divided by 344?
341
What is the remainder when 51615 is divided by 2064?
15
Calculate the remainder when 3249 is divided by 93.
87
Calculate the remainder when 2279 is divided by 85.
69
Calculate the remainder when 268200 is divided by 38305.
65
What is the remainder when 78456 is divided by 4903?
8
Calculate the remainder when 354956 is divided by 870.
866
What is the remainder when 40282 is divided by 1834?
1768
Calculate the remainder when 386083 is divided by 42895.
28
What is the remainder when 3512 is divided by 608?
472
What is the remainder when 156744 is divided by 667?
666
What is the remainder when 38367 is divided by 282?
15
Calculate the remainder when 40843 is divided by 105.
103
Calculate the remainder when 17585 is divided by 219.
65
What is the remainder when 373479 is divided by 186736?
7
What is the remainder when 127517 is divided by 42500?
17
Calculate the remainder when 1580 is divided by 541.
498
What is the remainder when 79555 is divided by 18?
13
What is the remainder when 13755 is divided by 14?
7
Calculate the remainder when 283 is divided by 176.
107
What is the remainder when 232 is divided by 19?
4
Calculate the remainder when 230755 is divided by 19.
0
Calculate the remainder when 11886 is divided by 5930.
26
Calculate the remainder when 162862 is divided by 121.
117
Calculate the remainder when 24779 is divided by 24779.
0
What is the remainder when 2856 is divided by 2299?
557
What is the remainder when 70045 is divided by 43?
41
Calculate the remainder when 31143 is divided by 1245.
18
What is the remainder when 17132 is divided by 5700?
32
Calculate the remainder when 38471 is divided by 43.
29
Calculate the remainder when 8055 is divided by 109.
98
What is the remainder when 3114 is divided by 1009?
87
What is the remainder when 579078 is divided by 5?
3
What is the remainder when 20251 is divided by 146?
103
Calculate the remainder when 76071 is divided by 25349.
24
What is the remainder when 105391 is divided by 49?
41
Calculate the remainder when 111799 is divided by 27948.
7
Calculate the remainder when 1232863 is divided by 59.
58
What is the remainder when 75208 is divided by 1075?
1033
What is the remainder when 157640 is divided by 399?
35
What is the remainder when 1045661 is divided by 1312?
1309
What is the remainder when 42447 is divided by 10606?
23
What is the remainder when 160777 is divided by 381?
376
What is the remainder when 1955 is divided by 149?
18
What is the remainder when 6528 is divided by 1577?
220
What is the remainder when 990434 is divided by 55?
49
What is the remainder when 48956 is divided by 408?
404
What is the remainder when 108986 is divided by 158?
1